{"id":7,"date":"2017-01-06T13:22:13","date_gmt":"2017-01-06T13:22:13","guid":{"rendered":"http:\/\/jkolar.org\/?page_id=7"},"modified":"2017-01-06T13:25:24","modified_gmt":"2017-01-06T13:25:24","slug":"fertigungsmoeglichkeiten","status":"publish","type":"page","link":"https:\/\/jkolar.de\/?page_id=7","title":{"rendered":"Fertigungsm\u00f6glichkeiten"},"content":{"rendered":"<p><b>Wir \u00fcber uns<\/b><\/p>\n<div><\/div>\n<p>Unser Betrieb wurde 1978 gegr\u00fcndet. Seitdem sind wir Ihr verl\u00e4\u00dflicher Partner f\u00fcr alle Zerspanungsaufgaben in den Bereichen:<\/p>\n<ul type=\"disc\">\n<li>Drehen<\/li>\n<li>Fr\u00e4sen<\/li>\n<li>Schleifen<\/li>\n<\/ul>\n<p>Wir haben uns spezialisiert auf Einzelteil- ; Kleinserien- und Baugruppenfertigung.<\/p>\n<p>Unser Maschinenpark besteht zur Zeit aus folgenden Anlagen:<\/p>\n<ul type=\"disc\">\n<li>Vertikales 3-Achs BAZ Fadal VMC4020FX mit Fanuc 0i<\/li>\n<li>CNC Drehmaschine mit angetr.Wz Hwacheon HiTech200BL MC mit Fanuc 0i<\/li>\n<li>CNC Drehmaschine Index GFG250 mit Sinumerik 8t<\/li>\n<li>konv.Spitzendrehmaschine Hwacheon520x1500<\/li>\n<li>konv.Spitzendrehmaschine Colchester Master 3250<\/li>\n<li>Rundschleifmaschine Schaudt AR1000 180&#215;1000<\/li>\n<li>Rundschleifmaschine Schaudt A401N mit Me\u00dfsteuerung 150&#215;500<\/li>\n<li>Rundschleifmaschine Berco Universal Innen und Aussen 180&#215;1000<\/li>\n<li>Radialbohrmaschine bis \u00d850<\/li>\n<li>Bands\u00e4geautomat<\/li>\n<li>div.konv. Bohr- und Fr\u00e4smaschinen<\/li>\n<\/ul>\n<p>Desweiteren \u00fcbernehmen wir selbstverst\u00e4ndlich auch die Materialbeschaffung, W\u00e4rmebehandlung oder andere Oberfl\u00e4chenbehandlungen wie galvanische \u00dcberz\u00fcge oder Pulverbeschichtungen.<\/p>\n<p>Falls Sie weitere Informationen bez\u00fcglich unserer Fertigungsm\u00f6glichkeiten ben\u00f6tigen, nehmen Sie gerne mit uns Kontakt auf.<\/p>\n","protected":false},"excerpt":{"rendered":"<p>Wir \u00fcber uns Unser Betrieb wurde 1978 gegr\u00fcndet. Seitdem sind wir Ihr verl\u00e4\u00dflicher Partner f\u00fcr alle Zerspanungsaufgaben in den Bereichen: Drehen Fr\u00e4sen Schleifen Wir haben uns spezialisiert auf Einzelteil- ; Kleinserien- und Baugruppenfertigung. Unser Maschinenpark besteht zur Zeit aus folgenden Anlagen: Vertikales 3-Achs BAZ Fadal VMC4020FX mit Fanuc 0i CNC Drehmaschine mit angetr.Wz Hwacheon HiTech200BL &hellip; <\/p>\n<p class=\"link-more\"><a href=\"https:\/\/jkolar.de\/?page_id=7\" class=\"more-link\"><span class=\"screen-reader-text\">&#8222;Fertigungsm\u00f6glichkeiten&#8220;<\/span> weiterlesen<\/a><\/p>\n","protected":false},"author":1,"featured_media":0,"parent":0,"menu_order":0,"comment_status":"closed","ping_status":"closed","template":"","meta":[],"_links":{"self":[{"href":"https:\/\/jkolar.de\/index.php?rest_route=\/wp\/v2\/pages\/7"}],"collection":[{"href":"https:\/\/jkolar.de\/index.php?rest_route=\/wp\/v2\/pages"}],"about":[{"href":"https:\/\/jkolar.de\/index.php?rest_route=\/wp\/v2\/types\/page"}],"author":[{"embeddable":true,"href":"https:\/\/jkolar.de\/index.php?rest_route=\/wp\/v2\/users\/1"}],"replies":[{"embeddable":true,"href":"https:\/\/jkolar.de\/index.php?rest_route=%2Fwp%2Fv2%2Fcomments&post=7"}],"version-history":[{"count":1,"href":"https:\/\/jkolar.de\/index.php?rest_route=\/wp\/v2\/pages\/7\/revisions"}],"predecessor-version":[{"id":8,"href":"https:\/\/jkolar.de\/index.php?rest_route=\/wp\/v2\/pages\/7\/revisions\/8"}],"wp:attachment":[{"href":"https:\/\/jkolar.de\/index.php?rest_route=%2Fwp%2Fv2%2Fmedia&parent=7"}],"curies":[{"name":"wp","href":"https:\/\/api.w.org\/{rel}","templated":true}]}}